{"version":"1.0","provider_name":"Punt de Referencia","provider_url":"https:\/\/puntdereferencia.org\/es\/","title":"Afectaciones del Covid-19 a j\u00f3venes tutelados y extutelados: el \u00e1mbito laboral - Punt de Referencia","type":"rich","width":600,"height":338,"html":"<blockquote class=\"wp-embedded-content\" data-secret=\"UoQdJAPxsp\"><a href=\"https:\/\/puntdereferencia.org\/es\/9252\/\">Afectaciones del Covid-19 a j\u00f3venes tutelados y extutelados: el \u00e1mbito laboral<\/a><\/blockquote><iframe sandbox=\"allow-scripts\" security=\"restricted\" src=\"https:\/\/puntdereferencia.org\/es\/9252\/embed\/#?secret=UoQdJAPxsp\" width=\"600\" height=\"338\" title=\"\u00abAfectaciones del Covid-19 a j\u00f3venes tutelados y extutelados: el \u00e1mbito laboral\u00bb \u2014 Punt de Referencia\" data-secret=\"UoQdJAPxsp\" frameborder=\"0\" marginwidth=\"0\" marginheight=\"0\" scrolling=\"no\" class=\"wp-embedded-content\"><\/iframe><script type=\"text\/javascript\">\n\/* <![CDATA[ *\/\n\/*! This file is auto-generated *\/\n!function(d,l){\"use strict\";l.querySelector&&d.addEventListener&&\"undefined\"!=typeof URL&&(d.wp=d.wp||{},d.wp.receiveEmbedMessage||(d.wp.receiveEmbedMessage=function(e){var t=e.data;if((t||t.secret||t.message||t.value)&&!\/[^a-zA-Z0-9]\/.test(t.secret)){for(var s,r,n,a=l.querySelectorAll('iframe[data-secret=\"'+t.secret+'\"]'),o=l.querySelectorAll('blockquote[data-secret=\"'+t.secret+'\"]'),c=new RegExp(\"^https?:$\",\"i\"),i=0;i<o.length;i++)o[i].style.display=\"none\";for(i=0;i<a.length;i++)s=a[i],e.source===s.contentWindow&&(s.removeAttribute(\"style\"),\"height\"===t.message?(1e3<(r=parseInt(t.value,10))?r=1e3:~~r<200&&(r=200),s.height=r):\"link\"===t.message&&(r=new URL(s.getAttribute(\"src\")),n=new URL(t.value),c.test(n.protocol))&&n.host===r.host&&l.activeElement===s&&(d.top.location.href=t.value))}},d.addEventListener(\"message\",d.wp.receiveEmbedMessage,!1),l.addEventListener(\"DOMContentLoaded\",function(){for(var e,t,s=l.querySelectorAll(\"iframe.wp-embedded-content\"),r=0;r<s.length;r++)(t=(e=s[r]).getAttribute(\"data-secret\"))||(t=Math.random().toString(36).substring(2,12),e.src+=\"#?secret=\"+t,e.setAttribute(\"data-secret\",t)),e.contentWindow.postMessage({message:\"ready\",secret:t},\"*\")},!1)))}(window,document);\n\/\/# sourceURL=https:\/\/puntdereferencia.org\/wp-includes\/js\/wp-embed.min.js\n\/* ]]> *\/\n<\/script>\n","thumbnail_url":"https:\/\/puntdereferencia.org\/wp-content\/uploads\/2024\/07\/DSC_0647-scaled-1.jpg","thumbnail_width":2560,"thumbnail_height":1702,"description":"Emanciparse para la juventud tutelada y extutelada tiene una fecha concreta, pase lo que pase y tambi\u00e9n en medio de esta crisis.\u00a0La crisis sanitaria que estamos viviendo, representa un stop en la din\u00e1mica de vida que conoc\u00edamos hasta el momento, pero no representa un stop para el camino a la emancipaci\u00f3n.\u00a0El tiempo contin\u00faa corriendo y [&hellip;]"}

Afectaciones del Covid-19 a jóvenes tutelados y extutelados: el ámbito laboral - Punt de Referencia

<blockquote class="wp-embedded-content" data-secret="UoQdJAPxsp"><a href="https://puntdereferencia.org/es/9252/">Afectaciones del Covid-19 a jóvenes tutelados y extutelados: el ámbito laboral</a></blockquote><iframe sandbox="allow-scripts" security="restricted" src="https://puntdereferencia.org/es/9252/embed/#?secret=UoQdJAPxsp" width="600" height="338" title="«Afectaciones del Covid-19 a jóvenes tutelados y extutelados: el ámbito laboral» — Punt de Referencia" data-secret="UoQdJAPxsp" frameborder="0" marginwidth="0" marginheight="0" scrolling="no" class="wp-embedded-content"></iframe><script type="text/javascript">
/* <![CDATA[ */
/*! This file is auto-generated */
!function(d,l){"use strict";l.querySelector&&d.addEventListener&&"undefined"!=typeof URL&&(d.wp=d.wp||{},d.wp.receiveEmbedMessage||(d.wp.receiveEmbedMessage=function(e){var t=e.data;if((t||t.secret||t.message||t.value)&&!/[^a-zA-Z0-9]/.test(t.secret)){for(var s,r,n,a=l.querySelectorAll('iframe[data-secret="'+t.secret+'"]'),o=l.querySelectorAll('blockquote[data-secret="'+t.secret+'"]'),c=new RegExp("^https?:$","i"),i=0;i<o.length;i++)o[i].style.display="none";for(i=0;i<a.length;i++)s=a[i],e.source===s.contentWindow&&(s.removeAttribute("style"),"height"===t.message?(1e3<(r=parseInt(t.value,10))?r=1e3:~~r<200&&(r=200),s.height=r):"link"===t.message&&(r=new URL(s.getAttribute("src")),n=new URL(t.value),c.test(n.protocol))&&n.host===r.host&&l.activeElement===s&&(d.top.location.href=t.value))}},d.addEventListener("message",d.wp.receiveEmbedMessage,!1),l.addEventListener("DOMContentLoaded",function(){for(var e,t,s=l.querySelectorAll("iframe.wp-embedded-content"),r=0;r<s.length;r++)(t=(e=s[r]).getAttribute("data-secret"))||(t=Math.random().toString(36).substring(2,12),e.src+="#?secret="+t,e.setAttribute("data-secret",t)),e.contentWindow.postMessage({message:"ready",secret:t},"*")},!1)))}(window,document);
//# sourceURL=https://puntdereferencia.org/wp-includes/js/wp-embed.min.js
/* ]]> */
</script>

Emanciparse para la juventud tutelada y extutelada tiene una fecha concreta, pase lo que pase y también en medio de esta crisis. La crisis sanitaria que estamos viviendo, representa un stop en la dinámica de vida que conocíamos hasta el momento, pero no representa un stop para el camino a la emancipación. El tiempo continúa corriendo y [&hellip;]
