{"version":"1.0","provider_name":"Punt de Referencia","provider_url":"https:\/\/puntdereferencia.org\/es\/","title":"\u201cNosotras adem\u00e1s de racismo sufrimos machismo\u201d - Punt de Referencia","type":"rich","width":600,"height":338,"html":"<blockquote class=\"wp-embedded-content\" data-secret=\"XrqdGZ5zgT\"><a href=\"https:\/\/puntdereferencia.org\/es\/nosaltres-a-mes-del-racisme-patim-masclisme\/\">\u201cNosotras adem\u00e1s de racismo sufrimos machismo\u201d<\/a><\/blockquote><iframe sandbox=\"allow-scripts\" security=\"restricted\" src=\"https:\/\/puntdereferencia.org\/es\/nosaltres-a-mes-del-racisme-patim-masclisme\/embed\/#?secret=XrqdGZ5zgT\" width=\"600\" height=\"338\" title=\"\u00ab\u201cNosotras adem\u00e1s de racismo sufrimos machismo\u201d\u00bb \u2014 Punt de Referencia\" data-secret=\"XrqdGZ5zgT\" frameborder=\"0\" marginwidth=\"0\" marginheight=\"0\" scrolling=\"no\" class=\"wp-embedded-content\"><\/iframe><script type=\"text\/javascript\">\n\/* <![CDATA[ *\/\n\/*! This file is auto-generated *\/\n!function(d,l){\"use strict\";l.querySelector&&d.addEventListener&&\"undefined\"!=typeof URL&&(d.wp=d.wp||{},d.wp.receiveEmbedMessage||(d.wp.receiveEmbedMessage=function(e){var t=e.data;if((t||t.secret||t.message||t.value)&&!\/[^a-zA-Z0-9]\/.test(t.secret)){for(var s,r,n,a=l.querySelectorAll('iframe[data-secret=\"'+t.secret+'\"]'),o=l.querySelectorAll('blockquote[data-secret=\"'+t.secret+'\"]'),c=new RegExp(\"^https?:$\",\"i\"),i=0;i<o.length;i++)o[i].style.display=\"none\";for(i=0;i<a.length;i++)s=a[i],e.source===s.contentWindow&&(s.removeAttribute(\"style\"),\"height\"===t.message?(1e3<(r=parseInt(t.value,10))?r=1e3:~~r<200&&(r=200),s.height=r):\"link\"===t.message&&(r=new URL(s.getAttribute(\"src\")),n=new URL(t.value),c.test(n.protocol))&&n.host===r.host&&l.activeElement===s&&(d.top.location.href=t.value))}},d.addEventListener(\"message\",d.wp.receiveEmbedMessage,!1),l.addEventListener(\"DOMContentLoaded\",function(){for(var e,t,s=l.querySelectorAll(\"iframe.wp-embedded-content\"),r=0;r<s.length;r++)(t=(e=s[r]).getAttribute(\"data-secret\"))||(t=Math.random().toString(36).substring(2,12),e.src+=\"#?secret=\"+t,e.setAttribute(\"data-secret\",t)),e.contentWindow.postMessage({message:\"ready\",secret:t},\"*\")},!1)))}(window,document);\n\/\/# sourceURL=https:\/\/puntdereferencia.org\/wp-includes\/js\/wp-embed.min.js\n\/* ]]> *\/\n<\/script>\n","thumbnail_url":"https:\/\/puntdereferencia.org\/wp-content\/uploads\/2024\/07\/DSC_2228-scaled-1.jpg","thumbnail_width":2560,"thumbnail_height":1702,"description":"Sara Montesinos (Ag\u00e8ncia Talaia) Fotograf\u00eda: Berta Roig &nbsp; Siham tiene 18 a\u00f1os y vive en Barcelona, donde alquila una habitaci\u00f3n. Actualmente combina las pr\u00e1cticas del curso de monitora con el curso de cuarto de la ESO. Quiere ser educadora social, lo tiene clar\u00edsimo. Siham lleg\u00f3 en Catalunya con 16 a\u00f1os, despu\u00e9s de un largo trayecto [&hellip;]"}

“Nosotras además de racismo sufrimos machismo” - Punt de Referencia

<blockquote class="wp-embedded-content" data-secret="XrqdGZ5zgT"><a href="https://puntdereferencia.org/es/nosaltres-a-mes-del-racisme-patim-masclisme/">“Nosotras además de racismo sufrimos machismo”</a></blockquote><iframe sandbox="allow-scripts" security="restricted" src="https://puntdereferencia.org/es/nosaltres-a-mes-del-racisme-patim-masclisme/embed/#?secret=XrqdGZ5zgT" width="600" height="338" title="«“Nosotras además de racismo sufrimos machismo”» — Punt de Referencia" data-secret="XrqdGZ5zgT" frameborder="0" marginwidth="0" marginheight="0" scrolling="no" class="wp-embedded-content"></iframe><script type="text/javascript">
/* <![CDATA[ */
/*! This file is auto-generated */
!function(d,l){"use strict";l.querySelector&&d.addEventListener&&"undefined"!=typeof URL&&(d.wp=d.wp||{},d.wp.receiveEmbedMessage||(d.wp.receiveEmbedMessage=function(e){var t=e.data;if((t||t.secret||t.message||t.value)&&!/[^a-zA-Z0-9]/.test(t.secret)){for(var s,r,n,a=l.querySelectorAll('iframe[data-secret="'+t.secret+'"]'),o=l.querySelectorAll('blockquote[data-secret="'+t.secret+'"]'),c=new RegExp("^https?:$","i"),i=0;i<o.length;i++)o[i].style.display="none";for(i=0;i<a.length;i++)s=a[i],e.source===s.contentWindow&&(s.removeAttribute("style"),"height"===t.message?(1e3<(r=parseInt(t.value,10))?r=1e3:~~r<200&&(r=200),s.height=r):"link"===t.message&&(r=new URL(s.getAttribute("src")),n=new URL(t.value),c.test(n.protocol))&&n.host===r.host&&l.activeElement===s&&(d.top.location.href=t.value))}},d.addEventListener("message",d.wp.receiveEmbedMessage,!1),l.addEventListener("DOMContentLoaded",function(){for(var e,t,s=l.querySelectorAll("iframe.wp-embedded-content"),r=0;r<s.length;r++)(t=(e=s[r]).getAttribute("data-secret"))||(t=Math.random().toString(36).substring(2,12),e.src+="#?secret="+t,e.setAttribute("data-secret",t)),e.contentWindow.postMessage({message:"ready",secret:t},"*")},!1)))}(window,document);
//# sourceURL=https://puntdereferencia.org/wp-includes/js/wp-embed.min.js
/* ]]> */
</script>

Sara Montesinos (Agència Talaia) Fotografía: Berta Roig &nbsp; Siham tiene 18 años y vive en Barcelona, donde alquila una habitación. Actualmente combina las prácticas del curso de monitora con el curso de cuarto de la ESO. Quiere ser educadora social, lo tiene clarísimo. Siham llegó en Catalunya con 16 años, después de un largo trayecto [&hellip;]
